at is the remainder when 2860559 is divided by 36?
35
Calculate the remainder when 91411 is divided by 1.
0
Calculate the remainder when 24686 is divided by 8.
6
What is the remainder when 11355 is divided by 137?
121
Calculate the remainder when 83409 is divided by 6415.
14
Calculate the remainder when 3753 is divided by 3667.
86
What is the remainder when 3565793 is divided by 47?
44
What is the remainder when 3948 is divided by 107?
96
Calculate the remainder when 329542 is divided by 18.
16
What is the remainder when 3212 is divided by 63?
62
Calculate the remainder when 34237 is divided by 45.
37
Calculate the remainder when 17890 is divided by 2732.
1498
Calculate the remainder when 12223 is divided by 678.
19
Calculate the remainder when 2890 is divided by 2731.
159
What is the remainder when 17811 is divided by 97?
60
What is the remainder when 4257 is divided by 126?
99
What is the remainder when 347459 is divided by 5429?
3
Calculate the remainder when 90783 is divided by 326.
155
What is the remainder when 1732 is divided by 738?
256
Calculate the remainder when 1563 is divided by 1024.
539
Calculate the remainder when 1068 is divided by 21.
18
Calculate the remainder when 294094 is divided by 557.
555
Calculate the remainder when 1199 is divided by 26.
3
What is the remainder when 76520 is divided by 19126?
16
Calculate the remainder when 89 is divided by 20.
9
What is the remainder when 827763 is divided by 119?
118
Calculate the remainder when 8975 is divided by 598.
5
Calculate the remainder when 27675 is divided by 173.
168
Calculate the remainder when 24374 is divided by 325.
324
Calculate the remainder when 15621 is divided by 15620.
1
What is the remainder when 1720 is divided by 808?
104
Calculate the remainder when 48944 is divided by 777.
770
Calculate the remainder when 1133495 is divided by 273.
272
What is the remainder when 3871858 is divided by 940?
938
What is the remainder when 1159 is divided by 28?
11
Calculate the remainder when 2393 is divided by 441.
188
Calculate the remainder when 6206 is divided by 1262.
1158
Calculate the remainder when 143026 is divided by 71511.
4
Calculate the remainder when 42392 is divided by 14120.
32
What is the remainder when 333539 is divided by 327?
326
Calculate the remainder when 560 is divided by 238.
84
Calculate the remainder when 10218 is divided by 3.
0
Calculate the remainder when 6059 is divided by 553.
529
What is the remainder when 23433 is divided by 434?
431
What is the remainder when 2279 is divided by 730?
89
Calculate the remainder when 2206 is divided by 545.
26
Calculate the remainder when 2235 is divided by 181.
63
What is the remainder when 1166 is divided by 58?
6
Calculate the remainder when 22330 is divided by 366.
4
Calculate the remainder when 1130 is divided by 624.
506
What is the remainder when 23908 is divided by 23890?
18
What is the remainder when 4928 is divided by 202?
80
What is the remainder when 30421 is divided by 95?
21
What is the remainder when 6023 is divided by 3?
2
Calculate the remainder when 51219 is divided by 3012.
15
What is the remainder when 187158 is divided by 203?
195
Calculate the remainder when 16251 is divided by 32.
27
What is the remainder when 3002 is divided by 425?
27
Calculate the remainder when 38761 is divided by 5479.
408
What is the remainder when 34512 is divided by 4313?
8
Calculate the remainder when 123779 is divided by 61889.
1
Calculate the remainder when 3454527 is divided by 616.
615
What is the remainder when 11992 is divided by 89?
66
Calculate the remainder when 313988 is divided by 628.
616
Calculate the remainder when 14082 is divided by 230.
52
What is the remainder when 799232 is divided by 265?
257
What is the remainder when 1136 is divided by 126?
2
What is the remainder when 125237 is divided by 56?
21
What is the remainder when 4724 is divided by 2356?
12
What is the remainder when 122309 is divided by 2912?
5
What is the remainder when 13684 is divided by 2735?
9
What is the remainder when 5612 is divided by 1671?
599
Calculate the remainder when 10144 is divided by 592.
80
What is the remainder when 6770 is divided by 3363?
44
Calculate the remainder when 2182 is divided by 302.
68
What is the remainder when 500 is divided by 58?
36
What is the remainder when 195462 is divided by 39076?
82
Calculate the remainder when 5111 is divided by 8.
7
Calculate the remainder when 13603 is divided by 38.
37
Calculate the remainder when 2530 is divided by 173.
108
What is the remainder when 3052 is divided by 95?
12
What is the remainder when 11999 is divided by 399?
29
Calculate the remainder when 361848 is divided by 47.
42
Calculate the remainder when 86462 is divided by 37.
30
Calculate the remainder when 256399 is divided by 18312.
31
What is the remainder when 2521 is divided by 1260?
1
What is the remainder when 874 is divided by 378?
118
What is the remainder when 178097 is divided by 164?
157
Calculate the remainder when 196924 is divided by 25.
24
Calculate the remainder when 646 is divided by 244.
158
Calculate the remainder when 3119 is divided by 10.
9
What is the remainder when 4268 is divided by 33?
11
Calculate the remainder when 7802877 is divided by 640.
637
Calculate the remainder when 518 is divided by 228.
62
What is the remainder when 2292 is divided by 120?
12
Calculate the remainder when 134161 is divided by 118.
113
Calculate the remainder when 208703 is divided by 192.
191
Calculate the remainder when 7321 is divided by 197.
32
Calculate the remainder when 16310 is divided by 1021.
995
Calculate the remainder when 251998 is divided by 501.
496
What is the remainder when 11130 is divided by 373?
313
Calculate the remainder when 39159 is divided by 359.
28
Calculate the remainder when 13486 is divided by 467.
410
Calculate the remainder when 5488 is divided by 15.
13
What is the remainder when 166177 is divided by 18464?
1
Calculate the remainder when 1683 is divided by 629.
425
What is the remainder when 2148 is divided by 62?
40
Calculate the remainder when 65991 is divided by 65970.
21
Calculate the remainder when 4270 is divided by 354.
22
What is the remainder when 851 is divided by 470?
381
Calculate the remainder when 7754 is divided by 2902.
1950
Calculate the remainder when 2649 is divided by 653.
37
What is the remainder when 248831 is divided by 2439?
53
What is the remainder when 36645 is divided by 59?
6
What is the remainder when 220593 is divided by 1275?
18
Calculate the remainder when 5671 is divided by 644.
519
What is the remainder when 1891734 is divided by 166?
164
What is the remainder when 11196 is divided by 64?
60
What is the remainder when 10629 is divided by 28?
17
What is the remainder when 12092 is divided by 36?
32
Calculate the remainder when 2727 is divided by 25.
2
Calculate the remainder when 94327 is divided by 19.
11
Calculate the remainder when 257483 is divided by 8.
3
Calculate the remainder when 36534 is divided by 169.
30
What is the remainder when 7649 is divided by 18?
17
Calculate the remainder when 64997 is divided by 330.
317
What is the remainder when 22879 is divided by 29?
27
What is the remainder when 600 is divided by 267?
66
What is the remainder when 2097 is divided by 909?
279
What is the remainder when 906 is divided by 447?
12
What is the remainder when 6261 is divided by 329?
10
What is the remainder when 6943 is divided by 8?
7
Calculate the remainder when 28583 is divided by 65.
48
Calculate the remainder when 9264 is divided by 25.
14
What is the remainder when 45260 is divided by 105?
5
Calculate the remainder when 57822 is divided by 2065.
2
Calculate the remainder when 4728 is divided by 1548.
84
Calculate the remainder when 215097 is divided by 18.
15
What is the remainder when 70813 is divided by 169?
2
What is the remainder when 13463 is divided by 13?
8
Calculate the remainder when 44679 is divided by 44613.
66
Calculate the remainder when 1792895 is divided by 203.
202
What is the remainder when 5319 is divided by 2610?
99
What is the remainder when 19659 is divided by 1184?
715
What is the remainder when 62633 is divided by 20875?
8
Calculate the remainder when 268657 is divided by 76.
73
Calculate the remaind